-36
Let d(r) = -247*r**2 + 7176*r - 331. What is d(29)?
46
Let s(i) = 11381*i**2 + 250379*i - 60. Calculate s(-22).
6
Let k(q) = -2*q**3 + 155*q**2 - 351*q + 72. What is k(75)?
1872
Let c(d) = -d**3 + 23*d**2 + 221*d + 106. Determine c(-15).
5341
Let f(w) = 6063*w + 12137. What is f(-2)?
11
Let g(o) = 492*o**2 - 8176*o + 31340. Determine g(6).
-4
Let s(p) = 132*p**2 - 7371*p - 8. Determine s(56).
1168
Let s(x) = x**2 - 2621*x + 49442. Calculate s(19).
4
Let r(g) = 10*g**2 + 10296*g + 10294. Calculate r(-1).
8
Let d(m) = -98*m - 5433. Calculate d(-33).
-2199
Let y(s) = -250*s - 40667. Calculate y(-163).
83
Let j(w) = 126189*w + 630906. Determine j(-5).
-39
Let u(k) = -16*k**2 + 519*k - 2686. Calculate u(26).
-8
Let a(q) = -124*q**2 + 40188*q - 3887. Calculate a(324).
1
Let l(x) = 2*x**3 + 790*x**2 - 3164*x - 119. What is l(4)?
-7
Let k(g) = -g**3 + 6085*g**2 + 1942263*g + 2129. Give k(-304).
1
Let j(c) = c**3 + 124*c**2 - 10152*c - 1247400. Determine j(-126).
0
Let b(k) = k**3 - 92*k**2 - 84*k + 1004. Determine b(93).
1841
Let w(q) = -33*q**3 - 80*q**2 + 1476*q + 16. What is w(-8)?
-16
Let x(p) = p**3 - 201*p**2 - 9365*p - 175. Determine x(-39).
20
Let z(m) = m**3 - 129*m**2 - 19380*m - 4779. Calculate z(218).
17
Let z(a) = 1816*a + 8852. What is z(-4)?
1588
Let g(v) = -v**3 - 5*v**2 - 1045*v - 11244. What is g(-11)?
977
Let i(r) = -7*r**3 + 193*r**2 + 115*r - 322. What is i(28)?
546
Let r(s) = -13117*s + 511551. Give r(39).
-12
Let i(h) = h**3 - 99*h**2 + 697*h - 1154. What is i(5)?
-19
Let c(r) = -55*r**2 - 7041*r - 113. Give c(-128).
15
Let t(d) = -2808*d + 39332. Determine t(14).
20
Let a(u) = -284*u - 2622. Determine a(-11).
502
Let o(h) = 64832*h + 1944958. Calculate o(-30).
-2
Let x(r) = 2*r**2 + 10610*r - 2293447. Determine x(208).
-39
Let o(h) = -174*h**2 - 928*h + 1559. Give o(-7).
-471
Let v(q) = 18814*q - 696095. Determine v(37).
23
Let w(s) = s**2 + 92*s - 451. Determine w(-108).
1277
Let q(a) = a**2 - 3*a - 6799. Calculate q(83).
-159
Let p(h) = -1980*h**2 + 67302*h + 15. Calculate p(34).
-597
Let f(p) = 1025*p - 8156. Give f(7).
-981
Let o(j) = 139*j**2 + 7301*j + 3630. Calculate o(-52).
-166
Let f(l) = -l**3 + 376*l**2 + 794*l - 13379. Determine f(378).
985
Let t(n) = -978*n - 21518. Give t(-22).
-2
Let i(j) = -j**3 + 7*j**2 - 4188*j + 46550. Give i(11).
-2
Let x(r) = -2*r**3 - 38*r**2 + 2195*r + 83. Determine x(25).
-42
Let r(y) = -462*y**2 + 323848*y + 9818. Calculate r(701).
4
Let h(k) = 2272*k - 34230. Give h(15).
-150
Let x(h) = h**2 + 55361*h + 664195. Calculate x(-12).
7
Let y(k) = 666081*k - 1998264. What is y(3)?
-21
Let f(b) = b**3 - 27*b**2 - 3369*b + 5123. Determine f(-47).
0
Let f(i) = i**3 + 25*i**2 - 1241*i - 22138. Determine f(-16).
22
Let n(g) = -18*g**2 - 1388*g - 269. Calculate n(-77).
-115
Let o(m) = 2418*m + 21863. Calculate o(-9).
101
Let c(w) = -5*w**3 + 53*w**2 + 323*w - 2881. What is c(12)?
-13
Let c(m) = 14976*m + 194683. Determine c(-13).
-5
Let p(i) = 3652*i + 76479. What is p(-21)?
-213
Let x(d) = -d**2 + 6379*d - 50938. Calculate x(8).
30
Let a(c) = 1614*c + 7626. Give a(-5).
-444
Let p(h) = 8*h**2 + 1789*h + 7243. What is p(-219)?
-860
Let c(m) = m**3 + 173*m**2 + 3940*m - 288. What is c(-146)?
4
Let l(t) = -338*t + 11777. Give l(35).
-53
Let g(f) = -15587*f - 46692. Calculate g(-3).
69
Let v(z) = z**3 + 57*z**2 + 77*z + 9122. Determine v(-58).
1292
Let h(n) = n**3 + 109*n**2 - 3036*n + 84. Determine h(-132).
84
Let x(k) = -k**3 + 413*k**2 + 409*k + 2172. Calculate x(414).
102
Let q(r) = -29*r + 1177. What is q(77)?
-1056
Let a(l) = 273*l - 18079. Determine a(77).
2942
Let u(g) = 1970*g - 29637. What is u(15)?
-87
Let q(c) = 27610*c + 303706. What is q(-11)?
-4
Let t(h) = -54*h - 106. Determine t(7).
-484
Let s(l) = 2*l + 113. Calculate s(-15).
83
Let h(m) = -8*m**2 + 440*m - 2318. Give h(49).
34
Let w(h) = -4*h**3 + 77*h**2 + 214*h + 3. What is w(-3)?
162
Let f(h) = -7269*h - 886917. What is f(-122)?
-99
Let d(c) = -c**3 - 49*c**2 + 45*c + 49. Calculate d(-50).
299
Let t(c) = -2*c**3 + 41*c**2 + 222*c + 92. What is t(-4)?
-12
Let w(q) = -6*q**3 - 136*q**2 + 893*q + 5. Give w(-28).
89
Let p(l) = -481*l - 2218. Calculate p(-9).
2111
Let k(j) = 35471*j + 3369757. What is k(-95)?
12
Let g(w) = -22*w**2 - 745*w + 3804. Give g(5).
-471
Let t(b) = b**3 + 73*b**2 - 82*b - 318. Determine t(-74).
274
Let b(k) = -36*k**2 - 5260*k + 4656. Determine b(-147).
-48
Let d(m) = 83*m + 6498. What is d(-71)?
605
Let y(v) = -2666*v - 15667. Give y(-6).
329
Let q(c) = -2*c**3 + 63*c**2 + 8131*c - 246625. What is q(30)?
5
Let j(i) = -i**2 + 6819*i - 40882. What is j(6)?
-4
Let f(i) = -2*i**3 + 64*i**2 + 64*i - 804. What is f(33)?
-870
Let v(p) = p**2 + 436*p + 39701. Calculate v(-129).
98
Let k(v) = v**3 + 103*v**2 - 3962*v - 836. Give k(30).
4
Let d(r) = 2*r**2 + 521*r + 30691. Give d(-90).
1
Let w(q) = 5176*q - 175992. Determine w(34).
-8
Let v(b) = -b**2 + 95*b + 2580. What is v(-22)?
6
Let g(u) = -31411*u - 31427. Calculate g(-1).
-16
Let l(d) = 2765*d + 25305. Give l(-9).
420
Let u(d) = 14465*d + 57841. Determine u(-4).
-19
Let c(s) = 1747*s + 276031. What is c(-158)?
5
Let a(i) = 9*i**2 - 10407*i - 438114. What is a(1197)?
-12
Let r(h) = -3*h**3 - 3*h**2 + 144*h + 286. Give r(-2).
10
Let i(j) = j**2 - 98*j + 2492. Determine i(71).
575
Let d(t) = -t**3 - 214*t**2 - 4567*t - 1339. Give d(-190).
-9
Let w(u) = 27890*u + 362570. Determine w(-13).
0
Let q(b) = -65*b**2 - 1679*b - 3. Give q(-23).
4229
Let x(f) = -38*f**2 + 1779*f - 15. Give x(47).
-344
Let c(m) = -19*m**3 + 178*m**2 + 12*m - 1. What is c(9)?
674
Let u(c) = 481551*c + 2889294. Determine u(-6).
-12
Let y(d) = -29*d**3 - 112*d**2 + 375*d + 20. Calculate y(-6).
2
Let a(u) = u**3 - 70*u**2 - 18*u + 571. Determine a(70).
-689
Let y(k) = -19*k**2 - 458*k - 4238. Calculate y(-10).
-1558
Let c(x) = 166*x - 8155. Calculate c(47).
-353
Let i(o) = o**2 + 773*o - 12894. Give i(17).
536
Let a(d) = -3*d**3 - 33*d**2 + 61*d + 248. What is a(-12)?
-52
Let o(f) = -f**2 - 407*f - 39601. Determine o(-246).
5
Let p(u) = 2*u**2 - 181*u - 12737. What is p(137)?
4
Let i(p) = 2*p**3 - 113*p**2 - 60*p - 233. Give i(57).
-404
Let w(k) = 1447*k + 17146. What is w(-13)?
-1665
Let b(k) = -104*k + 10438. Determine b(101).
-66
Let q(z) = z**3 - 39*z**2 + 58*z + 323. Determine q(37).
-269
Let o(a) = -2*a**3 - 139*a**2 + 835*a + 511. What is o(-75)?
-239
Let u(p) = -9*p**3 + 377*p**2 + 45*p + 490. Give u(42).
616
Let i(v) = -v**3 - 40*v**2 - 381*v + 16. Determine i(-16).
-32
Let d(g) = -69*g**2 + 13584*g + 1763. What is d(197)?
-10
Let p(u) = -13818*u - 13837. Determine p(-1).
-19
Let g(b) = -27*b**2 + 396*b - 4269. Give g(11).
-3180
Let n(i) = -9*i**2 + 55*i + 5087. Calculate n(27).
11
Let h(i) = i**3 + 15*i**2 - 1211*i + 5544. Calculate h(5).
-11
Let q(n) = -2*n**2 + 7613*n - 38014. Determine q(5).
1
Let u(p) = 40157*p + 240935. What is u(-6)?
-7
Let f(s) = 5*s**2 - 2754*s - 813445. What is f(-213)?
2
Let a(x) = -613896*x - 10436227. Determine a(-17).
5
Let b(l) = 13473*l - 175375. What is b(13)?
-226
Let f(q) = q**3 + 46*q**2 - 158*q - 2948. Give f(-48).
28
Let m(p) = -p**3 - 874*p**2 - 102142*p + 16955. Give m(-735).
50
Let m(p) = -725*p**2 - 89212*p + 13. Determine m(-123).
4564
Let o(i) = -34*i**2 + 56*i + 368. Determine o(8).
-1360
Let k(c) = -19222*c + 134468. Give k(7).
-86
Let q(b) = -b**3 + 273*b**2 - 1077*b + 673. Determine q(269).
404
Let z(b) = b**3 + 40*b**2 - 164*b - 2210. What is z(-42)?
1150
Let o(g) = -164754*g - 164747. What is o(-1)?
7
Let l(t) = t**3 - 27*t**2 + 128*t - 1478. Give l(24).
-134
Let o(l) = 29*l**2 + 33654*l - 17411. Give o(-1161).
4
Let z(g) = -g**2 + 10279*g + 123478. Calculate z(-12).
-14
Let q(x) = -2*x**3 + 335*x**2 - 10460*x + 271. Determine q(126).
19
Let d(i) = -i**2 + 1211166*i - 42389579. What is d(35)?
6
Let o(f) = 15*f**2 + 77*f + 60. Determine o(-7).
256
Let n(j) = 941*j**2 + 11292*j - 14. What is n(-12)?
-14
Let y(u) = -u**3 + 7*u**2 - 1224*u + 7303. Give y(6).
-5
Let l(k) = -k**3 + 14*k**2 + 16*k - 508. Give l(-6).
116
Let p(y) = 59083*y - 40767270. Calculate p(690).
0
Let r(u) = u**2 + 50*u - 9671. Give r(-126).
-95
Let q(a) = -2*a**2 + 21588*a - 129455. What is q(6)?
1
Let c(b) = 3452*b + 317583. What is c(-92)?
-1
Let n(q) = 18246